{"id":13,"date":"2011-07-01T06:15:34","date_gmt":"2011-07-01T06:15:34","guid":{"rendered":"http:\/\/www.hoftheater-langegg.at\/cms\/?page_id=13"},"modified":"2016-11-20T16:24:58","modified_gmt":"2016-11-20T16:24:58","slug":"bisherige-vorstellungen","status":"publish","type":"page","link":"https:\/\/www.hoftheater-langegg.at\/cms\/?page_id=13","title":{"rendered":"Bisherige Vorstellungen"},"content":{"rendered":"<p>2000 &#8211; <a title=\"Der Gesch\u00e4ftsf\u00fchrer\" href=\"http:\/\/www.hoftheater-langegg.at\/cms\/?page_id=98\">Der Gesch\u00e4ftsf\u00fchrer<\/a><\/p>\n<p>2002 &#8211; <a title=\"Hexen\" href=\"http:\/\/www.hoftheater-langegg.at\/cms\/?page_id=101\">Hexen<\/a><\/p>\n<p>2004 &#8211; <a title=\"Lottofieber\" href=\"http:\/\/www.hoftheater-langegg.at\/cms\/?page_id=104\">Lottofieber<\/a><\/p>\n<p>2006 &#8211; <a title=\"Br\u00fcder\" href=\"http:\/\/www.hoftheater-langegg.at\/cms\/?page_id=107\">Br\u00fcder<\/a><\/p>\n<p>2008 &#8211; <a title=\"Junggesellen\" href=\"http:\/\/www.hoftheater-langegg.at\/cms\/?page_id=109\">Junggesellen<\/a><\/p>\n<p>2010 &#8211; <a title=\"S\u00fcndenfall\" href=\"http:\/\/www.hoftheater-langegg.at\/cms\/?page_id=111\">S\u00fcndenfall<\/a><\/p>\n<p>2013 &#8211; <a title=\"Adel verplichtet\" href=\"http:\/\/www.hoftheater-langegg.at\/cms\/?page_id=221\">Adel verpflichtet<\/a><\/p>\n<p>2015 &#8211; <a href=\"http:\/\/www.hoftheater-langegg.at\/cms\/?page_id=342\">Gib dem Affen Zucker<\/a><\/p>\n","protected":false},"excerpt":{"rendered":"<p>2000 &#8211; Der Gesch\u00e4ftsf\u00fchrer 2002 &#8211; Hexen 2004 &#8211; Lottofieber 2006 &#8211; Br\u00fcder 2008 &#8211; Junggesellen 2010 &#8211; S\u00fcndenfall 2013 &#8211; Adel verpflichtet 2015 &#8211; Gib dem Affen Zucker<\/p>\n","protected":false},"author":2,"featured_media":0,"parent":0,"menu_order":10,"comment_status":"closed","ping_status":"closed","template":"","meta":{"ngg_post_thumbnail":0,"footnotes":""},"class_list":["post-13","page","type-page","status-publish","hentry"],"_links":{"self":[{"href":"https:\/\/www.hoftheater-langegg.at\/cms\/index.php?rest_route=\/wp\/v2\/pages\/13","targetHints":{"allow":["GET"]}}],"collection":[{"href":"https:\/\/www.hoftheater-langegg.at\/cms\/index.php?rest_route=\/wp\/v2\/pages"}],"about":[{"href":"https:\/\/www.hoftheater-langegg.at\/cms\/index.php?rest_route=\/wp\/v2\/types\/page"}],"author":[{"embeddable":true,"href":"https:\/\/www.hoftheater-langegg.at\/cms\/index.php?rest_route=\/wp\/v2\/users\/2"}],"replies":[{"embeddable":true,"href":"https:\/\/www.hoftheater-langegg.at\/cms\/index.php?rest_route=%2Fwp%2Fv2%2Fcomments&post=13"}],"version-history":[{"count":12,"href":"https:\/\/www.hoftheater-langegg.at\/cms\/index.php?rest_route=\/wp\/v2\/pages\/13\/revisions"}],"predecessor-version":[{"id":374,"href":"https:\/\/www.hoftheater-langegg.at\/cms\/index.php?rest_route=\/wp\/v2\/pages\/13\/revisions\/374"}],"wp:attachment":[{"href":"https:\/\/www.hoftheater-langegg.at\/cms\/index.php?rest_route=%2Fwp%2Fv2%2Fmedia&parent=13"}],"curies":[{"name":"wp","href":"https:\/\/api.w.org\/{rel}","templated":true}]}}